mber?
True
Is 9766387 a prime number?
True
Is 77980783 prime?
False
Is 9925289 a prime number?
False
Is 3586997 a prime number?
True
Is 7379347 composite?
False
Is 1834003 a composite number?
True
Is 1988453 a prime number?
True
Is 3973967 a composite number?
True
Is 51993659 prime?
False
Is 22808887 composite?
False
Is 1065502 a composite number?
True
Is 20846153 a prime number?
True
Is 71933989 a prime number?
False
Is 199301 a prime number?
False
Is 37617263 prime?
False
Is 16139177 a composite number?
True
Is 2438471 a prime number?
False
Is 34346867 a prime number?
True
Is 82352287 prime?
True
Is 492772109 composite?
True
Is 135101 a prime number?
True
Is 123570339 prime?
False
Is 668558521 a composite number?
False
Is 13836805 composite?
True
Is 11586097 a composite number?
False
Is 286275287 composite?
False
Is 118948153 prime?
False
Is 14389637 composite?
False
Is 1519457 prime?
False
Is 6971509 a composite number?
False
Is 398654782 a prime number?
False
Is 183265658 a composite number?
True
Is 77333761 a composite number?
True
Is 3233371 a prime number?
False
Is 376873141 a prime number?
True
Is 43138391 prime?
False
Is 26270801 prime?
False
Is 63421931 a composite number?
False
Is 150477181 a prime number?
True
Is 10916369 a prime number?
False
Is 123393947 prime?
True
Is 18774061 composite?
False
Is 2486413 prime?
False
Is 58878659 composite?
True
Is 45018874 a composite number?
True
Is 1914643 composite?
True
Is 1099723 a prime number?
True
Is 34890521 a prime number?
True
Is 696128113 composite?
False
Is 94574833 prime?
False
Is 1242083389 composite?
False
Is 500636371 prime?
True
Is 149304851 composite?
False
Is 795791 a prime number?
True
Is 26006899 prime?
True
Is 5510689 a prime number?
False
Is 4872579 prime?
False
Is 2552021 a prime number?
True
Is 35790929 prime?
True
Is 332204753 prime?
True
Is 2126981 composite?
True
Is 451837 a composite number?
False
Is 49632763 a composite number?
True
Is 67077251 prime?
False
Is 91797457 a composite number?
False
Is 2523009 composite?
True
Is 987853 a composite number?
True
Is 66062641 a composite number?
False
Is 429049819 prime?
False
Is 147906589 a prime number?
True
Is 8643729 prime?
False
Is 29571569 composite?
True
Is 24285539 prime?
False
Is 132236131 composite?
True
Is 25952161 a prime number?
True
Is 10270913 composite?
False
Is 29153329 composite?
False
Is 7637401 prime?
True
Is 69181373 a prime number?
False
Is 16229887 prime?
True
Is 457107767 a prime number?
True
Is 81452671 composite?
True
Is 188219071 a prime number?
True
Is 7140431 composite?
True
Is 12777613 a prime number?
True
Is 1759243 composite?
True
Is 80408087 prime?
True
Is 2414474 composite?
True
Is 32222833 a composite number?
False
Is 170216581 composite?
False
Is 61316929 a composite number?
False
Is 15734183 a composite number?
True
Is 342187 a prime number?
True
Is 5517977 a composite number?
False
Is 3922319 a composite number?
True
Is 37164089 a prime number?
True
Is 197855137 composite?
False
Is 342515777 prime?
True
Is 90718841 prime?
True
Is 41742901 prime?
True
Is 32988419 a composite number?
True
Is 2706643 composite?
True
Is 51366059 prime?
False
Is 14484187 prime?
False
Is 16037873 a composite number?
False
Is 99956407 a prime number?
False
Is 3082781 prime?
False
Is 54985907 prime?
True
Is 24612521 a composite number?
False
Is 3862889 prime?
False
Is 391726 a prime number?
False
Is 3124523 a prime number?
False
Is 519769 a composite number?
False
Is 26433641 a prime number?
False
Is 1022267 prime?
False
Is 9512207 a prime number?
True
Is 76535777 a composite number?
False
Is 22606406 prime?
False
Is 10576099 a prime number?
True
Is 2431771 a prime number?
False
Is 22610785 prime?
False
Is 5666357 composite?
True
Is 473707429 composite?
True
Is 79798327 composite?
True
Is 7130513 a prime number?
False
Is 7921723 prime?
True
Is 9344737 prime?
False
Is 705247 a composite number?
False
Is 367369 a prime number?
True
Is 32176385 prime?
False
Is 70454893 a prime number?
True
Is 73143221 composite?
True
Is 6246806 prime?
False
Is 269173466 a composite number?
True
Is 5062391 a composite number?
True
Is 1825531 a composite number?
False
Is 2817421 prime?
True
Is 347974301 a composite number?
False
Is 521863 a prime number?
False
Is 138793 prime?
True
Is 42329311 prime?
True
Is 13320343 prime?
True
Is 5524433 composite?
True
Is 5091491 composite?
False
Is 1082171 a prime number?
True
Is 3824267 a composite number?
False
Is 3913963 composite?
False
Is 1618181 composite?
False
Is 4039481 a prime number?
False
Is 524417 a composite number?
True
Is 2227129 a prime number?
True
Is 23587283 prime?
False
Is 77861549 prime?
False
Is 2572973 a prime number?
False
Is 250455365 composite?
True
Is 23159 prime?
True
Is 2123614 prime?
False
Is 1492703 prime?
True
Is 7567778 a prime number?
False
Is 4594379 a composite number?
False
Is 1357661 a composite number?
False
Is 7401041 a composite number?
False
Is 32339429 composite?
False
Is 5103877 composite?
False
Is 36795779 composite?
False
Is 2613526109 prime?
True
Is 1508099 composite?
True
Is 1562051 a composite number?
False
Is 1508383 prime?
True
Is 7439273 composite?
False
Is 45115465 prime?
False
Is 23433686 prime?
False
Is 391151 a prime number?
True
Is 551913 a prime number?
False
Is 70009963 prime?
True
Is 34406591 composite?
True
Is 499879 prime?
True
Is 620249 prime?
False
Is 1672591 composite?
True
Is 103697491 a composite number?
False
Is 6636337 a composite number?
False
Is 26697047 composite?
True
Is 4218899 a prime number?
True
Is 48481973 a prime number?
True
Is 3366973 prime?
True
Is 4670477 prime?
False
Is 308106977 composite?
False
Is 78517879 composite?
True
Is 1639 a prime number?
False
Is 150151 a prime number?
True
Is 133548517 composite?
False
Is 86110357 a prime number?
False
Is 4335011 composite?
True
Is 173957737 a prime number?
False
Is 72326213 a composite number?
False
Is 13501 composite?
True
Is 62599703 a prime number?
True
Is 48606821 a prime number?
True
Is 414312485 composite?
True
Is 4536607 a prime number?
False
Is 20428871 composite?
True
Is 8395453 composite?
True
Is 568807 prime?
True
Is 257249209 a prime number?
False
Is 179311 composite?
True
Is 207760721 prime?
False
Is 541675229 a prime number?
True
Is 20474977 a composite number?
True
Is 89779 a prime number?
True
Is 1631514233 a composite number?
False
Is 1580779 a composite number?
True
Is 10416659 a composite number?
True
Is 7303479 a prime number?
False
Is 426712961 composite?
False
Is 177783223 prime?
True
Is 1813699 prime?
True
Is 14442429 a composite number?
True
Is 56176147 a composite number?
False
Is 30739 composite?
True
Is 52295785 prime?
False
Is 1207027 a prime number?
True
Is 39940961 composite?
False
Is 8510237 prime?
True
Is 228051113 prime?
False
Is 171830401 a composite number?
True
Is 123965323 composite?
False
Is 159534071 prime?
True
Is 24590101 prime?
False
Is 39766987 a composite number?
True
Is 2963809 prime?
True
Is 425924591 a prime number?
False
Is 21740197 prime?
True
Is 39402249 composite?
True
Is 156496759 a composite number?
False
Is 24461831 a prime number?
True
Is 948667 prime?
False
Is 117831719 a composite number?
False
Is 4000717 a prime number?
False
Is 356245937 composite?
False
Is 98948291 prime?
False
Is 1145359 composite?
False
Is 21726779 a prime number?
False
Is 102767281 prime?
True
Is 26880509 a prime number?
True
Is 56994869 composite?
False
Is 699181633 composite?
True
Is 219721 composite?
False
Is 2263981 a prime number?
False
Is 18507187 prime?
True
Is 11852579 a composite number?
False
Is 6766579 a composite number?
False
Is 1194139 a prime number?
False
Is 118385363 prime?
False
Is 264384749 a composite number?
False
Is 76724227 a prime number?
False
Is 2021333 prime?
True
Is 163237 a prime number?
False
Is 18095471 prime?
False
Is 16251537 a prime number?
False
Is 448370941 prime?
True
Is 103371929 composite?
True
Is 348191 a prime number?
True
Is 1137187 a composite number?
True
Is 67481209 prime?
True
Is 18003509 prime?
True
Is 357017 prime?
False
Is 3545459 prime?
False
Is 18717143 a composite number?
False
Is 538955 prime?
False
Is 457653203 a prime number?
False
Is 5678069 prime?
True
Is 2392553 composite?
Tru